{"id":86,"date":"2020-10-17T10:29:00","date_gmt":"2020-10-17T10:29:00","guid":{"rendered":"https:\/\/proiect-cloud.tuiasi.ro\/?page_id=86"},"modified":"2022-07-12T10:02:17","modified_gmt":"2022-07-12T07:02:17","slug":"grup-tinta","status":"publish","type":"page","link":"https:\/\/proiect-cloud.tuiasi.ro\/?page_id=86","title":{"rendered":"Grup \u021bint\u0103"},"content":{"rendered":"<section class=\"l-section wpb_row height_medium with_img\"><div class=\"l-section-img\" style=\"background-image: url(https:\/\/proiect-cloud.tuiasi.ro\/wp-content\/uploads\/2022\/07\/cloud_TUIASI.jpg);\" data-img-width=\"1366\" data-img-height=\"768\"><\/div><div class=\"l-section-h i-cf\"><div class=\"g-cols vc_row type_default valign_top\"><div class=\"vc_col-sm-12 wpb_column vc_column_container\"><div class=\"vc_column-inner\"><div class=\"wpb_wrapper\"><div class=\"w-separator size_large\"><\/div><div class=\"w-text us_custom_e1b1c97a has_text_color\"><span class=\"w-text-h\"><span class=\"w-text-value\">Grup \u021bint\u0103<\/span><\/span><\/div><div class=\"w-separator size_large\"><\/div><\/div><\/div><\/div><\/div><\/div><\/section><section class=\"l-section wpb_row height_medium\"><div class=\"l-section-h i-cf\"><div class=\"g-cols vc_row type_default valign_top\"><div class=\"vc_col-sm-2 wpb_column vc_column_container\"><div class=\"vc_column-inner\"><div class=\"wpb_wrapper\"><\/div><\/div><\/div><div class=\"vc_col-sm-8 wpb_column vc_column_container\"><div class=\"vc_column-inner\"><div class=\"wpb_wrapper\"><div class=\"w-iconbox iconpos_top style_default color_primary align_center no_title no_text\"><div class=\"w-iconbox-icon\" style=\"font-size:120px;\"><i class=\"fas fa-users\"><\/i><\/div><div class=\"w-iconbox-meta\"><\/div><\/div><div class=\"w-separator size_medium\"><\/div><div class=\"wpb_text_column\" ><div class=\"wpb_wrapper\"><p>Structurile interne din Universitatea Tehnic\u0103 \u201eGheorghe Asachi\u201d din Ia\u0219i care vor fi beneficiarii direc\u021bi care vor valorifica facilit\u0103\u021bile nou create prin proiectul Cloud reprezentate prin cele 11 facult\u0103\u021bi \u0219i 23 de centre de cercetare.<\/p>\n<p>Grupul \u021bint\u0103 principal al proiectului este constituit de studen\u021bii doctoranzi (aproximativ 600 doctoranzi \u00een stagiu &#8211; sursa \u0218coala Doctoral\u0103 TUIASI) care reprezint\u0103 principala resurs\u0103 pentru recrutarea tinerilor cercet\u0103tori cu impact asupra angajabilit\u0103\u021bii acestora \u00een mediului academic. Grupurile de suport tehnico-\u0219tiin\u021bific \u0219i reprezentan\u021bi ai organiza\u021biilor neguvernamentale, structurilor asociative ale autorit\u0103\u021bilor administra\u021biei publice locale, asocia\u021biilor profesionale, institu\u021biilor de \u00eenv\u0103\u021b\u0103m\u00e2nt superior \u0219i institutelor de cercetare, institu\u021biilor culturale, ale cultelor \u0219i asocia\u021biilor religioase recunoscute potrivit legii \u0219i ai mass-mediei cu preocup\u0103ri \u00een domeniul CDI \u0219i care au parteneriate cu TUIASI.<\/p>\n<\/div><\/div><\/div><\/div><\/div><div class=\"vc_col-sm-2 wpb_column vc_column_container\"><div class=\"vc_column-inner\"><div class=\"wpb_wrapper\"><\/div><\/div><\/div><\/div><\/div><\/section>\n","protected":false},"excerpt":{"rendered":"Grup \u021bint\u0103Structurile interne din Universitatea Tehnic\u0103 \u201eGheorghe Asachi\u201d din Ia\u0219i care vor fi beneficiarii direc\u021bi care vor valorifica facilit\u0103\u021bile nou create prin proiectul Cloud reprezentate prin cele 11 facult\u0103\u021bi \u0219i 23 de centre de cercetare. Grupul \u021bint\u0103 principal al proiectului este constituit de studen\u021bii doctoranzi (aproximativ 600 doctoranzi \u00een stagiu &#8211; sursa \u0218coala Doctoral\u0103 TUIASI)...","protected":false},"author":8,"featured_media":0,"parent":0,"menu_order":0,"comment_status":"closed","ping_status":"closed","template":"","meta":[],"_links":{"self":[{"href":"https:\/\/proiect-cloud.tuiasi.ro\/index.php?rest_route=\/wp\/v2\/pages\/86"}],"collection":[{"href":"https:\/\/proiect-cloud.tuiasi.ro\/index.php?rest_route=\/wp\/v2\/pages"}],"about":[{"href":"https:\/\/proiect-cloud.tuiasi.ro\/index.php?rest_route=\/wp\/v2\/types\/page"}],"author":[{"embeddable":true,"href":"https:\/\/proiect-cloud.tuiasi.ro\/index.php?rest_route=\/wp\/v2\/users\/8"}],"replies":[{"embeddable":true,"href":"https:\/\/proiect-cloud.tuiasi.ro\/index.php?rest_route=%2Fwp%2Fv2%2Fcomments&post=86"}],"version-history":[{"count":90,"href":"https:\/\/proiect-cloud.tuiasi.ro\/index.php?rest_route=\/wp\/v2\/pages\/86\/revisions"}],"predecessor-version":[{"id":3320,"href":"https:\/\/proiect-cloud.tuiasi.ro\/index.php?rest_route=\/wp\/v2\/pages\/86\/revisions\/3320"}],"wp:attachment":[{"href":"https:\/\/proiect-cloud.tuiasi.ro\/index.php?rest_route=%2Fwp%2Fv2%2Fmedia&parent=86"}],"curies":[{"name":"wp","href":"https:\/\/api.w.org\/{rel}","templated":true}]}}